digit of s?
1
What is the ten thousands digit of 33498/((-5)/(12/(144/(-30))))?
1
Let v be (0 - -1) + -2 + 98. Let x be (-1421)/14*24/(-84). Let k = x + v. What is the hundreds digit of k?
1
Suppose -6*y + 788 = 182. Let p = 64 + y. What is the hundreds digit of p?
1
Suppose 0 = 3*l - 2*h - 157864, 4*h = 47 - 19. What is the tens digit of l?
2
Let z(q) = -41*q**2 - q + 10. Let d be z(6). Let y = d - -2563. What is the thousands digit of y?
1
Suppose 447*j - 2 = 446*j. Suppose 278 = j*o - 186. What is the units digit of o?
2
Let d(j) = -42*j**2 + 75*j + 38. Let h(n) = 28*n**2 - 50*n - 25. Let a(l) = 5*d(l) + 8*h(l). What is the hundreds digit of a(8)?
6
Let g = 62 + -65. Let m(z) = z**3 + 3*z**2 + 4. Let p be m(g). Suppose -3*d - 2*h + 71 = 2*h, -p*d + 103 = -3*h. What is the units digit of d?
5
Let m = 11022 - -7643. What is the units digit of m?
5
Let p = -1338 - -19751. What is the tens digit of p?
1
Suppose 4765 = -8*u + 8918 + 7215. What is the tens digit of u?
2
Suppose -7*p = -4*w - 6*p + 92, 3*p - 132 = -5*w. What is the units digit of (-44)/w*-9*(-928)/(-12)?
6
Suppose -4*q = -17*q + 26. Suppose -5*r = 6*i - 2*i - 1355, -q*r + 1025 = 3*i. What is the hundreds digit of i?
3
What is the tens digit of -8 - 291/(-36) - (-639933)/36?
7
Suppose 51366 = 471*a - 468*a. What is the hundreds digit of a?
1
Let a = 88 - 86. Suppose 3*m + 0*i = -i + 320, 4*m = -a*i + 426. Let f = 46 + m. What is the units digit of f?
3
Suppose 12229 = -3*q + 1018. What is the units digit of q/(-9) - (-26)/(-117)?
5
Suppose -5*h = 1472 - 27822 + 915. What is the thousands digit of h?
5
Let n = -15993 - -22987. What is the units digit of n?
4
Suppose -2 - 10 = 3*l, -4*l - 21140 = -2*p. What is the hundreds digit of p?
5
Let v(f) = -f**2 - 27*f - 88. Let a be v(-4). Suppose d - 6*d = -a*c + 1125, 5*c = 4*d + 1404. What is the hundreds digit of c?
2
Suppose 2*w - 5*d = 699, -w = 3*w + 4*d - 1384. Suppose 6*b - w = 739. What is the tens digit of b?
8
Suppose -16206513 = -348*a + 147*a - 148*a. What is the tens digit of a?
3
Let y(i) = -412*i + 2554. What is the units digit of y(-38)?
0
Let s(z) = -z**3 + 6*z**2 + 8*z - 3. Let a be s(7). Let r(d) = 2*d - 18*d**2 + 5 - a*d - 3*d + 24*d**2. What is the units digit of r(4)?
1
Let x(s) = s**3 - 13*s**2 + 15*s - 59. Let p be x(12). Let m = p + 127. What is the units digit of m?
4
Let v = 151 - 145. Let k(s) = -6*s - 23. Let i(m) = m - 1. Let x(h) = 3*i(h) - k(h). What is the tens digit of x(v)?
7
Let o(c) = c**3 + c**2 + 4*c + 90. Let z(t) = -4*t**2 - 4*t**3 - 17*t - 360 - t**3 + t**3. Let p(x) = 9*o(x) + 2*z(x). What is the units digit of p(0)?
0
What is the units digit of 6/(-5)*(-10275)/(-45)*-22 - 6?
2
Let q(m) be the second derivative of 3/2*m**3 - 35/2*m**2 - 17/12*m**4 + 0 - 1/20*m**5 - 13*m. What is the tens digit of q(-18)?
2
Let d be ((-2692)/2)/(34 - 36). What is the hundreds digit of (d - -3)*162/72?
5
Suppose -3*y - 12 - 9 = 0. Let u(v) = -v**3 - 9*v**2 - 6*v - 8. Let j be u(y). Let f = -9 - j. What is the tens digit of f?
5
Suppose 10*c = -556 - 184. Let r = 144 + c. Suppose -5*b - f + r = -26, -4*f - 34 = -2*b. What is the units digit of b?
9
Let z(m) = m**3 - m**2 + 1. Let g(a) = 3*a**3 + 18*a**2 - 49*a + 7. Let k(t) = -g(t) + 2*z(t). What is the units digit of k(-24)?
3
Let o = 87 - 89. Let w(b) = -3*b - 3. Let t be w(o). Suppose t*x + 9*x = 456. What is the units digit of x?
8
What is the thousands digit of (9015/(-30) + 11)*-100?
8
Let m = -263 + 268. Suppose 0 = -p + 3*y - 2 + 286, -4*y = m*p - 1382. What is the hundreds digit of p?
2
Suppose 5*q + 47610 = 10*q. Suppose -19*d + q = -1365. What is the hundreds digit of d?
5
Suppose k = 3*v + 5*k + 998, -5*v + 4*k - 1610 = 0. Let o = -52 - v. What is the hundreds digit of o?
2
Let r be 6/(-27) + (-1)/((-27)/87). Suppose r*v = -5*d + 1205, 0*d + 2*d = -2*v + 478. What is the units digit of d?
4
Suppose 0 = -8*z + 534297 - 289490 + 403961. What is the hundreds digit of z?
0
Let b = 31 - -6. Let c be 3 - b/(-2)*(-1 + 9). Suppose 3*t - c = -4*f + 154, 0 = -t - f + 103. What is the hundreds digit of t?
1
Let t(v) = 30*v**3 - 2*v**2 + 6*v - 6. Let h be t(3). Suppose -6*c + 54 = -h. Suppose z = 2, -w - z = -48 - c. What is the hundreds digit of w?
1
Suppose 2*x - 42258 = -5*b, 5*x + 25330 = -15*b + 18*b. What is the units digit of b?
0
Let k be 12/(-18)*(-3 + 45/(-2)). Suppose 7*u + k = -w + 2*u, 4*w + 5*u = -38. What is the tens digit of 0/w + 0/2 + 40?
4
Suppose 5*j - 1850 = 3625. Let l = j - -267. What is the thousands digit of l?
1
Suppose 10*z = 13*z + 966. Let b be ((-60)/33 + 2/(-11))*z. Suppose 8*f - f = b. What is the tens digit of f?
9
What is the hundreds digit of (-4332)/(-2) + (16 - 54/9)?
1
Let d = -482 - -492. Let i(z) = 24*z + 23. What is the tens digit of i(d)?
6
Let c(m) = -264*m + 72. Let k be (-25)/30 - (-62)/(-12). What is the units digit of c(k)?
6
Let s(l) = -270*l**3 - 5*l**2 - 5*l - 2. What is the thousands digit of s(-2)?
2
Suppose -w + 2*j + 25312 = 0, 3*w - 47*j = -50*j + 75999. What is the units digit of w?
6
Let n = -864 + 555. Let v be 3*n/(-9) + -1. What is the tens digit of (-1)/(-6) + 5797/v?
5
Let g(d) = 2533*d - 64. What is the hundreds digit of g(2)?
0
What is the thousands digit of (17894/69)/((-3)/(-72))?
6
What is the ten thousands digit of -1 + 17/19 + (-96564840)/(-2166)?
4
Suppose 0 = 4*o + 3*n - 6, -3*o - 3*n = -7 + 1. What is the units digit of 6 + (o + -5)*-39?
1
Suppose 11 = 5*r - 14. Suppose -r*i = 229 + 316. Let d = i + 257. What is the hundreds digit of d?
1
What is the tens digit of (7089/34)/((-6)/(-24))?
3
Let d(u) = u**2 + 5*u + 782. What is the hundreds digit of d(-79)?
6
Suppose 67*r = 69*r - 2. Let h be (-4 + 8 - r) + 55. Suppose 5*o - 18 = 5*u - h, -5*u = -3*o - 46. What is the units digit of u?
1
Let l(p) = -2*p**2 + 12*p + 16. Let w be l(7). What is the tens digit of (1 - 3)*3035/(-20)*w?
0
Let x = 56 + -146. Let u = x - -425. What is the hundreds digit of u?
3
Let u(q) = q**2 - q - 1. Let t be u(4). Suppose -1994 = -3*r + h, 0 = -14*r + t*r - 2*h + 2006. What is the units digit of r?
6
Let j = 397 + -165. Let l be 2 + (8/(-12) - 415/(-15)). Suppose -l*v = -25*v - j. What is the units digit of v?
8
Let p(t) = -2*t**3 - 55*t**2 - 103*t - 2764. What is the units digit of p(-41)?
6
Let r(o) be the first derivative of o**4/4 + 17*o**3/3 - 4*o**2 - 8*o + 25. What is the tens digit of r(-16)?
7
Suppose 4*q - 16 = 0, 4*s - 2*q = -4*q + 2528. Let y = -4 + 6. Suppose -5*m + 1048 = -4*h, m - s = -y*m + 2*h. What is the tens digit of m?
1
Let d(c) = 0 + 9 + 8*c + 3 + 0 + c**2. Let y be d(-6). Suppose 3*l - 4*a - 130 = 0, y = 4*a - 7*a - 3. What is the units digit of l?
2
Let m(u) = -u**2 + 5*u + 19. Let q be m(7). Let i(j) = 3*j + 28. Let o(p) = p + 14. Let f(n) = q*o(n) - 2*i(n). What is the units digit of f(7)?
7
Let k be 8/(-48) + 829/6. Let z = -129 + k. What is the units digit of z?
9
Suppose -3*f = -0*f - 228. Suppose -b - 10*k - 26 = 0, 2*k - 4*k = -3*b + 18. Suppose b*w - f = n + 60, -68 = -2*w + 3*n. What is the units digit of w?
4
Suppose 3*u = 3*q - 1704, 4*q = -4*u + 2*q - 2284. Let n = 899 + u. What is the tens digit of n?
2
Suppose -21*h = -5*x - 18*h + 33239, -6643 = -x - h. What is the hundreds digit of x?
6
Let z(s) = -s**3 + 41*s**2 + 181*s + 556. What is the ten thousands digit of z(37)?
1
Suppose 196070 = 764*l - 750*l. What is the units digit of l?
5
Let m = -30559 - -44802. What is the units digit of m?
3
Let n(t) = 4*t + 23. Let k be n(-6). Let j(q) be the second derivative of -31*q**3/6 + q**2 + 2*q. What is the units digit of j(k)?
3
Let m = -48925 - -85847. What is the units digit of m?
2
Let u be -11*(-5 - (-1575)/(-2 + -3)). Suppose u = 8*n - 1208. What is the units digit of n?
1
Suppose -5*t + 5*h + 595 = 0, 6*t - t - 4*h = 596. Suppose 4*f - 131 = l, 5*f + l - t = 55. Suppose f*u - 37*u + 429 = 0. What is the tens digit of u?
4
Suppose -2*x - c - 64 = 0, 28*x - 31*x - 3*c - 96 = 0. What is the units digit of 0 + (795/(-20))/(12/x)?
6
Suppose -4*n - 2*s = -28478, -445 - 13782 = -2*n + 3*s. What is the units digit of n?
8
Suppose 12*z + m - 181 = 9*z, 5*z - 298 = 2*m. Let y be ((-48)/z)/((-2)/(-20)*-2). Suppose 0 = y*l + 46 - 970. What is the hundreds digit of l?
2
Let v = 6782 + 3689